lculate y(v).
-1
Let g = 11 + -11. Let o(y) be the second derivative of 5/2*y**2 + 0 - 1/6*y**3 - 7*y. Calculate o(g).
5
Let j(r) = 3 + 1 + r - 1. Let p be j(-3). Let n(x) be the first derivative of -x**2/2 - x + 7. Determine n(p).
-1
Let o(d) be the third derivative of d**4/6 - d**3/3 - 66*d**2. What is o(-5)?
-22
Let v be ((2 + -7 - -5)*-1)/(-1). Let c(h) be the first derivative of 1/4*h**4 + v*h**2 - 7*h - 5/3*h**3 - 3. Determine c(5).
-7
Let s = 763 - 761. Let j(g) be the second derivative of -g**4/4 + g**3/3 + g**2/2 + 2*g. What is j(s)?
-7
Let j(d) = -1 + 14*d**2 - 8 + 7 + 1. Let i be -3*(-2)/12*2. What is j(i)?
13
Let z(c) = -c + 2. Let p(o) = -43 + 39 + 20*o - 18*o. Let h be p(3). Determine z(h).
0
Let l(f) be the first derivative of -7/3*f**3 + 6 - 3*f + 0*f**2 - 1/4*f**4. Calculate l(-7).
-3
Let n(v) = 3*v**3 - 5*v**2 - 3*v - 7. Let s(w) = 10*w**3 - 16*w**2 - 8*w - 23. Let h(x) = -7*n(x) + 2*s(x). Calculate h(4).
7
Let v(a) be the second derivative of 1/3*a**3 - 1 - 7/2*a**2 + 11*a. Let r(q) = -q**2 + 7*q. Let c be r(6). Determine v(c).
5
Let t(z) = -z**3 + 9*z**2 - 9*z + 18. Let h be t(8). Suppose -4*r + h = -14. Let u(a) = a - 8. Determine u(r).
-2
Let j(l) = 0*l + 0*l - l - 1 + 2. Let a(i) = -8*i + 4. Let z(t) = -a(t) + 3*j(t). Calculate z(-2).
-11
Let t(g) = 3*g + 3. Suppose 9*v + 5*k - 37 = 0, -3*v + 0*v - 4*k = -17. Calculate t(v).
12
Let n be (8/12)/(4/6). Suppose 3*g + 5 = -n, -5*y + 3*g + 6 = 0. Let z(i) = -i + 5. Let x be z(y). Let d(o) = -o**2 + 2*o + 5. Determine d(x).
-10
Suppose -12*m = a + 73, m + 5 = -0*a + a. Let r(k) = -7*k - 31. Calculate r(m).
11
Let x(q) be the first derivative of q**6/360 - q**5/60 + q**4/12 + q**3/3 - 1. Let z(b) be the third derivative of x(b). Suppose -2*d = -1 - 3. Determine z(d).
2
Let n(x) = 2*x - 3. Let y be n(4). Let z(o) = 4*o**2 - 6*o + 1. Let t(h) = -3*h**2 + 6*h - 2. Let w = 28 - 26. Let i(j) = w*z(j) + 3*t(j). What is i(y)?
1
Let k(c) = c**3 - 9*c**2 + 11*c - 1. Let l be 7200/(-540)*(-6)/10. Give k(l).
23
Let q(z) be the second derivative of -z**4/12 - 7*z**3/6 - 3*z**2/2 + 40*z. What is q(-6)?
3
Let p(y) be the second derivative of -y**7/1260 - y**6/360 - y**5/120 - y**4 + 9*y. Let b(h) be the third derivative of p(h). Calculate b(-1).
-1
Let b(o) be the second derivative of -o**5/20 + o**4/6 + o**3 - 5*o**2/2 - 2*o. Suppose 2*d - 7*f = -2*f - 17, d - 3*f = -11. Calculate b(d).
-13
Let y(q) be the second derivative of q**6/360 + q**5/30 - 31*q**3/6 - 20*q. Let w(m) be the second derivative of y(m). Calculate w(-5).
5
Let g(f) be the second derivative of 0*f**2 - 1/720*f**6 + f + 1/6*f**4 - 1/30*f**5 + 0 + 0*f**3. Let r(i) be the third derivative of g(i). What is r(0)?
-4
Let g(h) = h**2 - 11*h - 30. Let c be g(13). Let u(r) = r**3 + 2*r**2 - 8*r - 3. What is u(c)?
-3
Let g = -1 - 16. Let y = g + 19. Let b(h) = 4 - h - h**3 + y*h**3 - 3*h**2 - 2*h - 2*h**3. Give b(-3).
13
Let t(i) be the second derivative of -i**4/12 - i**3/6 + 6*i**2 + 2*i. Suppose -3*f = -2*f + 3*z + 12, -z - 4 = -2*f. Determine t(f).
12
Let r(n) be the first derivative of n**4/4 + 3*n**3 - 11*n**2/2 - 20*n + 343. What is r(-10)?
-10
Suppose 0 = 3*g - 6*g + 24. Suppose g*i - 36 = 4*i. Suppose 2*b + 1 = -i. Let c(r) = r + 2. What is c(b)?
-3
Let f(g) = 19 + 18 + 7*g - 14 - 10*g. Calculate f(15).
-22
Let u(k) = 2*k**3 - 20*k**2 - k - 14. Let l(w) = w**3 - 9*w**2 - w - 7. Let r(p) = -5*l(p) + 2*u(p). What is r(6)?
-11
Let h(u) = u**3 - u**2 - 2*u + 2. Let g = 12 - -18. Let v be 4*3/g*5. Give h(v).
2
Let g(f) be the third derivative of f**5/60 - 3*f**4/8 + 3*f**3/2 + f**2. Suppose 2*p + 38*y - 34*y = -2, 0 = p - 2*y - 15. Determine g(p).
-5
Let n(l) = l + 2. Suppose 0 = 5*v - 49 + 29. Suppose p = -p - v. Determine n(p).
0
Let c(p) = p**3 + 6*p**2 + 5*p - 5. Let h = -14 + 20. Suppose h*q - 3*q = 9. Suppose -15 = q*z - 0*z. Calculate c(z).
-5
Let w(x) = -888*x - 7986. Let d be w(-9). Let p(h) = -2*h**2 - 7*h - 7. Let n(s) = -s**2 - 6*s - 6. Let v(l) = 3*n(l) - 2*p(l). Calculate v(d).
8
Let i(v) = 2*v**2 + 5*v + 2. Let q(m) = m + 13. Let g be q(-16). Suppose k + 6 = -k. Let f be g*(10/(-6) - k). What is i(f)?
14
Let p(j) = -4*j**2 + 19*j + 4. Let t(f) = 4*f**2 - 15*f - 3. Let d(h) = -4*p(h) - 5*t(h). Calculate d(0).
-1
Let y be (-10)/(-40) + (-22)/(-8). Let i(o) = -4*o**y - 3*o**2 + 8*o**3 - 3*o**2 - 3 - 4*o - 5*o**3. Suppose 11 = -5*q + 2*l - 18, 0 = q - l + 7. What is i(q)?
-8
Suppose 0 = -2*j + 19 - 9. Suppose -2*d = j*d - 28. Let z(p) = d - 3 + p + p - p. Determine z(7).
8
Let g(r) = -2*r - 19. Let f(b) = 37 + b - 6*b + 7*b + b. Let y(u) = 3*f(u) + 5*g(u). Determine y(12).
4
Let j(b) = b + 8. Let w be j(12). Let z = -17 + w. Let m be ((-6)/(-2) - z)*1. Let g(t) = -t - 2. Calculate g(m).
-2
Let q(k) = -k**2 - 13*k + 3. Suppose -2*d + m + 4*m = -89, -3*m = 4*d - 217. Suppose 24*r = 28*r + d. Calculate q(r).
3
Let n(p) = 9*p + 4. Let i(v) = -v**3 + v**2 + v - 3. Let r be i(0). Let w be (3 - 3/r) + 1. Let x(f) = -8*f - 3. Let b(h) = w*n(h) + 6*x(h). Give b(3).
-7
Let m be 1 - (-4 + (-5 - -7)). Let h(j) be the second derivative of 1/12*j**4 + m*j + 0 + 4*j**2 - 7/6*j**3. Calculate h(6).
2
Let p(d) = 3*d + 6. Suppose -3*h + 31 + 36 = 4*s, 31 = 3*h - 5*s. Let u = -24 + h. What is p(u)?
-15
Let z(g) = -g**2 - 6*g - 6. Let x be (-5)/(-5 - 0) - 5. Give z(x).
2
Let a(t) be the first derivative of t**2/2 - 11*t - 103. Calculate a(8).
-3
Suppose 2*o + 3*m - 30 = 5, 4*o + m - 55 = 0. Let c = o - 9. Let s(b) = c*b - 6*b - 2 + b. Give s(-2).
0
Suppose 96*p = 255 + 1089. Let b(z) = z**2 - 16*z + 24. Calculate b(p).
-4
Let j(u) = u**3 - 4*u**2 - 4*u - 2. Let m(g) be the third derivative of g**6/120 + g**5/15 + g**4/4 + 7*g**3/3 + 40*g**2. Let t be m(-3). Give j(t).
3
Suppose 4*t + 14 - 44 = 2*l, 3*t - 4*l - 30 = 0. Suppose -4*n - 5*u - 2 = 0, 2*u - 16 = -4*n + 6*u. Let j(k) = -6 + k + n*k - k. Give j(t).
6
Let p(o) = -6*o + 11. Let t(f) = 1. Let q(j) = p(j) - 4*t(j). Let b(x) = x - 1. Let l(g) = -11*b(g) - 2*q(g). Give l(6).
3
Let j(q) = -q**3 - 4*q**2 - q - 1. Suppose 0 = 2*m - 50 - 40. Suppose 4*o = 4*i - 3*i + m, 2*i - 20 = -2*o. Let n = 8 - o. What is j(n)?
-7
Let s(m) = m - 3. Let p(x) = -x**3 - x**2 - 5*x - 8. Let w be p(-2). Let v(o) = 7*o - 35. Let r be v(w). Calculate s(r).
4
Let o(g) = 2 - 6*g + 30*g - 26*g. Give o(6).
-10
Suppose 0 = -2*j + j. Let k be (-20)/(-50) + ((-56)/(-10) - 0). Let v(a) = -a**2 - a**2 - 5*a**2 + k*a**2 + 5. Give v(j).
5
Let w(y) = -y**2 - 7*y + 6. Suppose -11 = -z + 6. Suppose -2*o = -6, 2*f + o - z = 4*f. What is w(f)?
6
Let f = -14 + 15. Let p = 3 - f. Let k(b) = -3*b**2 - 3 + p + 4*b**2 - 5*b. Calculate k(6).
5
Let y(m) = 3*m**2 - m. Let a(b) = -8*b**2 + b - 1. Let f(c) = -2*a(c) - 5*y(c). What is f(-2)?
0
Let d(s) = 6*s**2 + 31*s + 16. Let f(o) = o**2 + 6*o + 3. Let j(v) = 2*d(v) - 11*f(v). Let h be j(3). Let t(b) = b**3 + 5*b**2 + 4*b. What is t(h)?
0
Let l = 1138 + -1138. Let f(t) = t**3 - 7. What is f(l)?
-7
Let j(n) = 4*n**3 + 9*n**2 - 4. Let x(f) = -f**3 - f**2 + 3. Let v(d) = -j(d) - 5*x(d). What is v(4)?
-11
Let o(p) = p + 9*p**3 - 3*p - 7868*p**2 + 16*p**3 + 7870*p**2 + 1. Calculate o(1).
26
Let l(b) be the third derivative of 1/2*b**3 + 1/8*b**4 + 6*b**2 + 0 + 0*b. Give l(-2).
-3
Let d(n) = -2 - 18687*n + 18660*n + 4*n**2 + 14. What is d(6)?
-6
Let f(g) = -g**2 - 8*g - 9. Let d be f(-7). Let b(v) = -4*v + 2. Determine b(d).
10
Let i(a) = -a + 12. Let t be i(15). Let x(h) = 1. Let c(f) = f + 4. Let o(g) = -c(g) + 2*x(g). Calculate o(t).
1
Let x(a) be the first derivative of -5*a**2/2 + 1. Let r(c) = 12*c + 2. Let v be r(3). Let k = v - 36. What is x(k)?
-10
Let v(g) be the first derivative of -g**4/4 - 20*g**3/3 - g**2 - 34*g - 18. Give v(-20).
6
Suppose -2*f = -5*f. Suppose 3*o - 15 = f, 2*o + o = 5*v + 15. Suppose v = -5*k + 15, -8*n + 4*k = -4*n. Let x(p) = 3*p - 2. What is x(n)?
7
Suppose 18 = -88*z + 82*z. Let t(h) = -h**3 - 2*h**2 + 2*h - 1. Calculate t(z).
2
Let m(h) = -h**2 + 9*h + 5. Suppose 0 = 15*s - 461 + 311. Give m(s).
-5
Suppose q = 4*h + 5*q + 60, 0 = -4*h - 3*q - 56. Suppose -2*z - 6 = -28. Let x = h + z. Let t(o) = -o + 7. Calculate t(x).
7
Let k(z) = z**2 + 9*z + 3. Let q be k(-8). Let v(f) be the first derivative of -f**3/3 - 5*f**2/2 + f + 147. Give v(q).
1
Let b